t is the greatest common divisor of 25 and r?
25
Let h(m) = -25*m - 865. Let d be h(-33). Suppose -g = -2*g + 42. Let s be (g/(-5))/(8/d). Calculate the greatest common divisor of 336 and s.
42
Let g = 267 + -97. Suppose g*a = 165*a + 315. Calculate the greatest common factor of a and 105.
21
Let h be (-1302 - 8)/(2/(-26)). Calculate the greatest common divisor of 13 and h.
13
Let x be ((-2)/3)/((-116)/31842). Suppose 184*m - x*m - 330 = 0. Calculate the highest common divisor of m and 30.
30
Let s = 231 - 238. Let k(a) = 3*a**2 - 14*a - 80. Let r be k(s). Calculate the greatest common factor of r and 135.
15
Let j = 3407 - 3323. What is the greatest common factor of 2316 and j?
12
Let o(y) = 181*y**2 - 15*y - 14. Let c be o(-1). Let b = c - 106. Calculate the highest common factor of 19 and b.
19
Let j be (-99292)/(-52) + (-30)/65. Calculate the highest common divisor of j and 46.
23
Let r be (-20461)/(-4) + ((-5)/(-60))/(3/(-9)). What is the greatest common factor of r and 495?
165
Suppose -7*a = 8*a - 6*a. Suppose a = -4*j + 2*y + 584, -2*y = -j + 5*j - 568. Suppose -o + 3*o = j. What is the highest common divisor of 9 and o?
9
Suppose -58*t - 2096 = 1558. Suppose -4 = 4*n, -3*d - 2*n + 343 = 132. Let j = t + d. What is the highest common divisor of j and 64?
8
Let s = 10 - 111. Let h be -2 - (s + (3 - 0)). Suppose -3*b + 326 = 5*u, -4*b + 0*b = 2*u - 136. Calculate the highest common divisor of u and h.
32
Suppose -6*u = -463 - 65. Let r(p) = 19*p + 2054. Let d be r(-106). What is the highest common factor of d and u?
8
Let x(r) = r**2 + 6*r. Let q be x(-6). Suppose 20*s + 4*s - 4968 = q. Calculate the highest common divisor of 23 and s.
23
Suppose 8*w + 13*x = 12*x + 533, 0 = 5*w + 3*x - 345. What is the highest common divisor of w and 3828?
66
Suppose -3*l + 6*l + 168 = 0. Let r be l/(-70) + 652/10. Let b = 806 + -784. Calculate the greatest common factor of b and r.
22
Let p be (-50)/((-104)/54 - 1/(-189)*-14). Calculate the greatest common factor of p and 4235.
5
Suppose -5*q = 2*w + 5 - 0, -16 = -5*w - 3*q. Suppose -w*l - 1238 = -14*v + 11*v, 16 = -4*l. What is the highest common divisor of v and 14?
14
Let h be 1 + -3 + 1 + 19. Let c(k) = 4*k**2 + 417*k + 3717. Let b be c(-9). Calculate the highest common factor of b and h.
18
Let x(o) = -o + 1. Let p be x(-7). Suppose 16 = 2*a - g - 4*g, -4*g - p = 0. Let b be ((-4)/10)/(a/(-60)). Calculate the greatest common factor of b and 20.
4
Suppose 29*z - 1078 = -440. Let c(q) = -2*q**2 - 19*q**2 + q**3 + 25 - 23*q - 2. Let w be c(z). Calculate the greatest common factor of 1 and w.
1
Let s = 3979 - 1360. What is the greatest common factor of 27 and s?
27
Let h = -81146 - -81954. Let c(a) = 20*a + 1. Let l be c(5). What is the highest common factor of h and l?
101
Suppose 3*j + 33776 = 2*g, -5*g + 83414 = 5*j - 1051. Calculate the highest common factor of 38 and g.
19
Let r = -108 + 110. Suppose r*b + 13 = 3*w, 3*w + w - 6 = -3*b. Let y = w + 7. Calculate the highest common divisor of y and 90.
10
Let n(s) = 2*s + 105. Let l(g) = 11*g + 105. Let y(c) = 5*l(c) - 6*n(c). Let i be y(3). Calculate the highest common divisor of 696 and i.
24
Let y(j) be the second derivative of j**5/20 + 25*j**4/12 + 22*j**3/3 - 19*j**2 + 10*j + 2. Let a be y(-23). What is the highest common factor of 8 and a?
8
Suppose 19 - 22 = -q. Suppose -6*z + 828 = -q*z. Let o(b) = 16*b + 39. Let w be o(-1). What is the highest common factor of z and w?
23
Let h = 16 - 12. Suppose l - 12 = 5*j - 2*j, -4*l - h = j. Suppose l = 5*t + 30 - 660. Calculate the highest common factor of t and 18.
18
Let u be (-6 + 4 - -2)*(-1 - -2). Let w(k) = -2*k**3 + 2*k**2 + 108. Let m be w(u). What is the greatest common factor of m and 48?
12
Let m(s) = -s**3 + 4*s**2 + 5*s + 4. Let h be m(5). Suppose -5*w + 9 = 119. Let r be (4 + w + h)/(-1). Calculate the greatest common factor of 14 and r.
14
Let k = -110845 - -110913. Let j = 3 + 5. Calculate the highest common divisor of k and j.
4
Suppose -3*p + 1120 - 496 = 0. Calculate the highest common divisor of 195 and p.
13
Let u be ((-78)/3 - -8)*-1. What is the greatest common divisor of 144 and u?
18
Let w = 123 - 179. Let k = -92 - w. Let j be 1*8/k - (-29)/9. What is the highest common factor of j and 2?
1
Let c = 39292 + -33971. What is the highest common divisor of c and 17?
17
Suppose y = -s + 3929, 7 = -625*y + 626*y. What is the greatest common divisor of s and 318?
106
Suppose -54 = 3*q - 0*q. Let r be (3 - q) + (-2)/8*-4. Suppose -2*f = -3*f + r. Calculate the greatest common divisor of f and 110.
22
Let f(s) = -30*s**2 - 4*s + 7. Let z be f(-4). Let o = -307 - z. What is the highest common factor of 15 and o?
15
Let c(o) = -87*o**3 + 13*o**2 + 36*o + 6. Let b be c(-4). Suppose -27*l = -8321 - b. Calculate the highest common factor of 11 and l.
11
Let d = 5698 - 5002. Calculate the greatest common factor of d and 464.
232
Let y(g) = g**3 - 16*g**2 - 4*g + 11. Let o be y(16). Let f = o - -41. Let n be ((-3)/27*f)/((-1)/(-15)). What is the highest common factor of n and 20?
20
Suppose 4*h = 2*t - 268, -49 + 190 = t + 5*h. Calculate the greatest common factor of t and 918.
34
Let f(n) = -n**3 + 14*n**2 + n + 2. Let v be f(13). Suppose 0 = -9*t - 49 + v. Calculate the greatest common factor of 9 and t.
3
Let l = 7532 - 7273. Calculate the highest common divisor of 1776 and l.
37
Let b(o) be the first derivative of -115*o**2 - 112*o**2 + 224*o**2 + 16 - 10*o. Let n be b(-9). Calculate the highest common divisor of 4 and n.
4
Suppose -3*a - 280 = l - 8254, -5*l + 5*a + 39990 = 0. Calculate the greatest common factor of 108 and l.
108
Suppose 5*l = -5*c + 1730, -336 = -c - 126*l + 123*l. What is the greatest common divisor of 621 and c?
27
Let o be -3 + (-142)/(-9) - 4/(-54)*3. Calculate the highest common factor of 8203 and o.
13
Suppose -699*x + 15155 = 1874. Calculate the highest common divisor of x and 4351.
19
Let o be 3/(-24) + 55/40*411 + 2. Calculate the highest common factor of o and 1296.
81
Let k = 11624 - 11576. Calculate the highest common factor of k and 186.
6
Let i = -1235 - -1630. Calculate the highest common factor of i and 3318.
79
Let k be (-53800)/(-18) - 2400/(-2160). What is the greatest common divisor of 390 and k?
130
Let d be 12/(-3) - 2*-29. Let y(i) = 16*i - 10. Let n be y(1). What is the greatest common factor of d and n?
6
Suppose 5*y - 53 = 12. Let s(q) = q**2 - 7*q - 18. Let o be s(y). Calculate the highest common factor of 6 and o.
6
Let r = -29 + 41. Let q be ((-44)/33)/((-1)/r + 0). Suppose -11*v = -9*v - 24. What is the greatest common divisor of q and v?
4
Suppose -159*b + 3168 + 966 = 0. Calculate the greatest common divisor of b and 442.
26
Let d be (-519)/(-2249) - 5818/(-26). Calculate the highest common divisor of 42 and d.
14
Let a be -6*(-1 + (-1)/(-2)). Suppose t = -3*m + 130, -a*m + 130 = 5*t - 16. Let y = -1171 - -1297. Calculate the greatest common factor of y and m.
42
Let s be (-1)/((-7)/(-21)) + (-7884)/(6/(-2)). Calculate the highest common divisor of s and 231.
21
Let o = -1068 + 724. Let x = o - -356. What is the highest common factor of x and 84?
12
Suppose 280302 = 44*g + 18*g. Calculate the greatest common divisor of 132 and g.
33
Suppose -2*v + 1507 = 1407. What is the greatest common divisor of v and 25?
25
Let d be (-6)/(-10)*5 - 1386/(-7). Let p = 207 - d. What is the greatest common divisor of 64 and p?
2
Let n = 2915 - 2048. What is the highest common divisor of 153 and n?
51
Suppose -3*z + 12 = 4*p, 3*p - 5 = 5*z + 4. Let v(q) = 5*q + 9. Let f be v(p). Suppose -42*o = -40*o - f. What is the greatest common divisor of o and 72?
12
Let n be 42 - (-2)/(-8)*0. Let z be (20/16)/((-3)/(-120)). Suppose 5*j + 13 = 2*x, 0 = -x - 3*x + 2*j + z. Calculate the greatest common factor of x and n.
14
Let t(b) = -442*b - 412. Let g be t(-1). What is the highest common factor of g and 453?
3
Let v(l) = 26*l**3 + 4*l**2 - 14*l + 48. Let r be v(6). Calculate the highest common divisor of 6 and r.
6
Let y = -350 + 978. Suppose y = -5*j + 1708. Suppose -j - 99 = -5*m. What is the greatest common factor of m and 7?
7
Suppose 4*f + 2*x - 262 = 0, 27 = 8*x + 3. Suppose -5*q = 2*i - 1 - 112, 5*i - 329 = 3*q. What is the highest common divisor of i